{"id":8,"date":"2020-03-25T09:50:08","date_gmt":"2020-03-25T09:50:08","guid":{"rendered":"http:\/\/heldrich-bauer.de\/?page_id=8"},"modified":"2021-06-23T13:46:56","modified_gmt":"2021-06-23T13:46:56","slug":"ueber-mich","status":"publish","type":"page","link":"https:\/\/heldrich-bauer.de\/?page_id=8","title":{"rendered":"\u00dcber Mich"},"content":{"rendered":"\n<p><\/p>\n\n\n\n<p><\/p>\n\n\n\n<p>Mein Yoga-Weg begann im Jugendalter: w\u00f6chentlich \u00fcbte ich mit Kareen Zebroff auf dem Wohnzimmerteppich vor dem Schwarzweiss-Fernsehapparat. Nach der Schulzeit wollte ich auf einer Yogaschule lernen, hatte aber damals das erforderliche Lebensalter noch nicht erreicht, um aufgenommen zu werden.<br>Mit 18 f\u00fchlte ich mich von der Musik von Ravi Shankar so sehr ber\u00fchrt, dass ich beschloss, in das Herkunftsland dieser Musik zu reisen. 1979 machte ich mich daher auf den Weg, um mit dem Rucksack \u00fcber Land nach Indien zu reisen.<br>Seit dieser Zeit begeistere ich mich f\u00fcr Yoga, \u00f6stliche Philosophie und klassisch indischer Musik.<\/p>\n\n\n\n<div class=\"wp-block-group\"><div class=\"wp-block-group__inner-container is-layout-flow wp-block-group-is-layout-flow\">\n<div class=\"wp-block-group\"><div class=\"wp-block-group__inner-container is-layout-flow wp-block-group-is-layout-flow\">\n<div class=\"wp-block-columns is-layout-flex wp-container-core-columns-is-layout-9d6595d7 wp-block-columns-is-layout-flex\">\n<div class=\"wp-block-column is-layout-flow wp-block-column-is-layout-flow\" style=\"flex-basis:100%\">\n<div class=\"wp-block-media-text alignwide is-stacked-on-mobile\"><figure class=\"wp-block-media-text__media\"><img loading=\"lazy\" decoding=\"async\" width=\"1010\" height=\"1024\" src=\"http:\/\/heldrich-bauer.de\/wp-content\/uploads\/2021\/04\/29A2285-1010x1024.jpg\" alt=\"\" class=\"wp-image-151 size-full\" srcset=\"https:\/\/heldrich-bauer.de\/wp-content\/uploads\/2021\/04\/29A2285-1010x1024.jpg 1010w, https:\/\/heldrich-bauer.de\/wp-content\/uploads\/2021\/04\/29A2285-296x300.jpg 296w, https:\/\/heldrich-bauer.de\/wp-content\/uploads\/2021\/04\/29A2285-768x779.jpg 768w, https:\/\/heldrich-bauer.de\/wp-content\/uploads\/2021\/04\/29A2285-1515x1536.jpg 1515w, https:\/\/heldrich-bauer.de\/wp-content\/uploads\/2021\/04\/29A2285-2019x2048.jpg 2019w\" sizes=\"auto, (max-width: 1010px) 100vw, 1010px\" \/><\/figure><div class=\"wp-block-media-text__content\">\n<h3 class=\"wp-block-heading\">Qualifikationen:<\/h3>\n\n\n\n<ul class=\"wp-block-list\" id=\"block-6af21bda-a5c0-4587-b1db-567e75ea3e63\"><li>staatl. gepr\u00fcfte <strong>Physiotherapeutin<\/strong>, <strong>Masseurin<\/strong><\/li><li>personenzentrierte Kinderpsychotherapie (Prof. Kemper)<\/li><li><strong>Qi Gong Lehrerin<\/strong>, Ausbildung bei Gro\u00dfmeister Zhi Chang Li 1993 &#8211; 1995<\/li><li><strong>SKA <\/strong>&#8211; zertifizierte <strong>Yoga Lehrererin <\/strong>f\u00fcr <strong>Hatha-Yoga<\/strong> und verschiedene Stilrichtungen bei der Sebastian Kneipp Akademie.<\/li><li>Ausbildung von 2009-2013<\/li><li>regelm\u00e4\u00dfige Yoga-Fortbildungen u.a. bei Madeleine Herrmann, Jutta Pinter-Neise, Horst Willenbacher, Sonja S\u00f6der, Carry Owerko, Prof. Karl Baier, Ramanand Patel, Ali Dashti, Dharmapriya, Billy Konrad, Rebecca u. Dean Lerner, Trisno Widiyanto, Ernst Adam, David Meloni&#8230;<\/li><\/ul>\n<\/div><\/div>\n<\/div>\n<\/div>\n<\/div><\/div>\n<\/div><\/div>\n\n\n\n<p><\/p>\n","protected":false},"excerpt":{"rendered":"<p>Mein Yoga-Weg begann im Jugendalter: w\u00f6chentlich \u00fcbte ich mit Kareen Zebroff auf dem Wohnzimmerteppich vor dem Schwarzweiss-Fernsehapparat. Nach der [&hellip;]<\/p>\n","protected":false},"author":1,"featured_media":0,"parent":0,"menu_order":0,"comment_status":"closed","ping_status":"closed","template":"","meta":{"footnotes":""},"class_list":["post-8","page","type-page","status-publish","hentry"],"yoast_head":"<!-- This site is optimized with the Yoast SEO plugin v27.5 - https:\/\/yoast.com\/product\/yoast-seo-wordpress\/ -->\n<title>\u00dcber Mich - Der Yogaraum<\/title>\n<meta name=\"robots\" content=\"index, follow, max-snippet:-1, max-image-preview:large, max-video-preview:-1\" \/>\n<link rel=\"canonical\" href=\"http:\/\/heldrich-bauer.de\/?page_id=8\" \/>\n<meta property=\"og:locale\" content=\"de_DE\" \/>\n<meta property=\"og:type\" content=\"article\" \/>\n<meta property=\"og:title\" content=\"\u00dcber Mich - Der Yogaraum\" \/>\n<meta property=\"og:description\" content=\"Mein Yoga-Weg begann im Jugendalter: w\u00f6chentlich \u00fcbte ich mit Kareen Zebroff auf dem Wohnzimmerteppich vor dem Schwarzweiss-Fernsehapparat. Nach der [&hellip;]\" \/>\n<meta property=\"og:url\" content=\"http:\/\/heldrich-bauer.de\/?page_id=8\" \/>\n<meta property=\"og:site_name\" content=\"Der Yogaraum\" \/>\n<meta property=\"article:modified_time\" content=\"2021-06-23T13:46:56+00:00\" \/>\n<meta property=\"og:image\" content=\"http:\/\/heldrich-bauer.de\/wp-content\/uploads\/2021\/04\/29A2285-1010x1024.jpg\" \/>\n<meta name=\"twitter:card\" content=\"summary_large_image\" \/>\n<meta name=\"twitter:label1\" content=\"Gesch\u00e4tzte Lesezeit\" \/>\n\t<meta name=\"twitter:data1\" content=\"1\u00a0Minute\" \/>\n<script type=\"application\/ld+json\" class=\"yoast-schema-graph\">{\"@context\":\"https:\\\/\\\/schema.org\",\"@graph\":[{\"@type\":\"WebPage\",\"@id\":\"http:\\\/\\\/heldrich-bauer.de\\\/?page_id=8\",\"url\":\"http:\\\/\\\/heldrich-bauer.de\\\/?page_id=8\",\"name\":\"\u00dcber Mich - Der Yogaraum\",\"isPartOf\":{\"@id\":\"http:\\\/\\\/heldrich-bauer.de\\\/#website\"},\"primaryImageOfPage\":{\"@id\":\"http:\\\/\\\/heldrich-bauer.de\\\/?page_id=8#primaryimage\"},\"image\":{\"@id\":\"http:\\\/\\\/heldrich-bauer.de\\\/?page_id=8#primaryimage\"},\"thumbnailUrl\":\"http:\\\/\\\/heldrich-bauer.de\\\/wp-content\\\/uploads\\\/2021\\\/04\\\/29A2285-1010x1024.jpg\",\"datePublished\":\"2020-03-25T09:50:08+00:00\",\"dateModified\":\"2021-06-23T13:46:56+00:00\",\"breadcrumb\":{\"@id\":\"http:\\\/\\\/heldrich-bauer.de\\\/?page_id=8#breadcrumb\"},\"inLanguage\":\"de\",\"potentialAction\":[{\"@type\":\"ReadAction\",\"target\":[\"http:\\\/\\\/heldrich-bauer.de\\\/?page_id=8\"]}]},{\"@type\":\"ImageObject\",\"inLanguage\":\"de\",\"@id\":\"http:\\\/\\\/heldrich-bauer.de\\\/?page_id=8#primaryimage\",\"url\":\"http:\\\/\\\/heldrich-bauer.de\\\/wp-content\\\/uploads\\\/2021\\\/04\\\/29A2285-1010x1024.jpg\",\"contentUrl\":\"http:\\\/\\\/heldrich-bauer.de\\\/wp-content\\\/uploads\\\/2021\\\/04\\\/29A2285-1010x1024.jpg\"},{\"@type\":\"BreadcrumbList\",\"@id\":\"http:\\\/\\\/heldrich-bauer.de\\\/?page_id=8#breadcrumb\",\"itemListElement\":[{\"@type\":\"ListItem\",\"position\":1,\"name\":\"Startseite\",\"item\":\"http:\\\/\\\/heldrich-bauer.de\\\/\"},{\"@type\":\"ListItem\",\"position\":2,\"name\":\"\u00dcber Mich\"}]},{\"@type\":\"WebSite\",\"@id\":\"http:\\\/\\\/heldrich-bauer.de\\\/#website\",\"url\":\"http:\\\/\\\/heldrich-bauer.de\\\/\",\"name\":\"Der Yogaraum\",\"description\":\"Christa Heldrich-Bauer\",\"potentialAction\":[{\"@type\":\"SearchAction\",\"target\":{\"@type\":\"EntryPoint\",\"urlTemplate\":\"http:\\\/\\\/heldrich-bauer.de\\\/?s={search_term_string}\"},\"query-input\":{\"@type\":\"PropertyValueSpecification\",\"valueRequired\":true,\"valueName\":\"search_term_string\"}}],\"inLanguage\":\"de\"}]}<\/script>\n<!-- \/ Yoast SEO plugin. -->","yoast_head_json":{"title":"\u00dcber Mich - Der Yogaraum","robots":{"index":"index","follow":"follow","max-snippet":"max-snippet:-1","max-image-preview":"max-image-preview:large","max-video-preview":"max-video-preview:-1"},"canonical":"http:\/\/heldrich-bauer.de\/?page_id=8","og_locale":"de_DE","og_type":"article","og_title":"\u00dcber Mich - Der Yogaraum","og_description":"Mein Yoga-Weg begann im Jugendalter: w\u00f6chentlich \u00fcbte ich mit Kareen Zebroff auf dem Wohnzimmerteppich vor dem Schwarzweiss-Fernsehapparat. Nach der [&hellip;]","og_url":"http:\/\/heldrich-bauer.de\/?page_id=8","og_site_name":"Der Yogaraum","article_modified_time":"2021-06-23T13:46:56+00:00","og_image":[{"url":"http:\/\/heldrich-bauer.de\/wp-content\/uploads\/2021\/04\/29A2285-1010x1024.jpg","type":"","width":"","height":""}],"twitter_card":"summary_large_image","twitter_misc":{"Gesch\u00e4tzte Lesezeit":"1\u00a0Minute"},"schema":{"@context":"https:\/\/schema.org","@graph":[{"@type":"WebPage","@id":"http:\/\/heldrich-bauer.de\/?page_id=8","url":"http:\/\/heldrich-bauer.de\/?page_id=8","name":"\u00dcber Mich - Der Yogaraum","isPartOf":{"@id":"http:\/\/heldrich-bauer.de\/#website"},"primaryImageOfPage":{"@id":"http:\/\/heldrich-bauer.de\/?page_id=8#primaryimage"},"image":{"@id":"http:\/\/heldrich-bauer.de\/?page_id=8#primaryimage"},"thumbnailUrl":"http:\/\/heldrich-bauer.de\/wp-content\/uploads\/2021\/04\/29A2285-1010x1024.jpg","datePublished":"2020-03-25T09:50:08+00:00","dateModified":"2021-06-23T13:46:56+00:00","breadcrumb":{"@id":"http:\/\/heldrich-bauer.de\/?page_id=8#breadcrumb"},"inLanguage":"de","potentialAction":[{"@type":"ReadAction","target":["http:\/\/heldrich-bauer.de\/?page_id=8"]}]},{"@type":"ImageObject","inLanguage":"de","@id":"http:\/\/heldrich-bauer.de\/?page_id=8#primaryimage","url":"http:\/\/heldrich-bauer.de\/wp-content\/uploads\/2021\/04\/29A2285-1010x1024.jpg","contentUrl":"http:\/\/heldrich-bauer.de\/wp-content\/uploads\/2021\/04\/29A2285-1010x1024.jpg"},{"@type":"BreadcrumbList","@id":"http:\/\/heldrich-bauer.de\/?page_id=8#breadcrumb","itemListElement":[{"@type":"ListItem","position":1,"name":"Startseite","item":"http:\/\/heldrich-bauer.de\/"},{"@type":"ListItem","position":2,"name":"\u00dcber Mich"}]},{"@type":"WebSite","@id":"http:\/\/heldrich-bauer.de\/#website","url":"http:\/\/heldrich-bauer.de\/","name":"Der Yogaraum","description":"Christa Heldrich-Bauer","potentialAction":[{"@type":"SearchAction","target":{"@type":"EntryPoint","urlTemplate":"http:\/\/heldrich-bauer.de\/?s={search_term_string}"},"query-input":{"@type":"PropertyValueSpecification","valueRequired":true,"valueName":"search_term_string"}}],"inLanguage":"de"}]}},"_links":{"self":[{"href":"https:\/\/heldrich-bauer.de\/index.php?rest_route=\/wp\/v2\/pages\/8","targetHints":{"allow":["GET"]}}],"collection":[{"href":"https:\/\/heldrich-bauer.de\/index.php?rest_route=\/wp\/v2\/pages"}],"about":[{"href":"https:\/\/heldrich-bauer.de\/index.php?rest_route=\/wp\/v2\/types\/page"}],"author":[{"embeddable":true,"href":"https:\/\/heldrich-bauer.de\/index.php?rest_route=\/wp\/v2\/users\/1"}],"replies":[{"embeddable":true,"href":"https:\/\/heldrich-bauer.de\/index.php?rest_route=%2Fwp%2Fv2%2Fcomments&post=8"}],"version-history":[{"count":26,"href":"https:\/\/heldrich-bauer.de\/index.php?rest_route=\/wp\/v2\/pages\/8\/revisions"}],"predecessor-version":[{"id":291,"href":"https:\/\/heldrich-bauer.de\/index.php?rest_route=\/wp\/v2\/pages\/8\/revisions\/291"}],"wp:attachment":[{"href":"https:\/\/heldrich-bauer.de\/index.php?rest_route=%2Fwp%2Fv2%2Fmedia&parent=8"}],"curies":[{"name":"wp","href":"https:\/\/api.w.org\/{rel}","templated":true}]}}