{"id":10,"date":"2020-03-25T09:50:08","date_gmt":"2020-03-25T09:50:08","guid":{"rendered":"http:\/\/heldrich-bauer.de\/?page_id=10"},"modified":"2021-10-07T15:48:29","modified_gmt":"2021-10-07T15:48:29","slug":"kurse","status":"publish","type":"page","link":"https:\/\/heldrich-bauer.de\/?page_id=10","title":{"rendered":"Kurse"},"content":{"rendered":"\n<p><strong><span class=\"has-inline-color has-vivid-red-color\">Aufgrund der aktuellen Covid-Lage finden im Moment nur Kurse montags 9.00 und 20.00 sowie dienstags 19.00 in kleinen Gruppen statt. Dauer je 90 min.<br>Physiotherapeutische Einzelstunden sind auf Anfrage m\u00f6glich.<\/span><\/strong> (Abrechnung privat)<\/p>\n\n\n\n<p>Die <strong>Kurse <\/strong>sind von der <strong>zentralen Pr\u00fcfstelle Pr\u00e4vention<\/strong> der gesetzlichen Krankenkassen nach \u00a720 SGB V <strong>zertifiziert<\/strong> und k\u00f6nnen von den GKV Kassen zwei mal im Jahr bezuschusst werden.<\/p>\n\n\n\n<hr class=\"wp-block-separator is-style-wide\"\/>\n\n\n\n<p><strong>Kraft und Stille Kultivieren mit Hatha Yoga<\/strong><\/p>\n\n\n\n<p>Kursleiterin: Christa Heldrich-Bauer<\/p>\n\n\n\n<p>Teilnahme an den Kursen nach telefonischer Absprache. <\/p>\n\n\n\n<p>W\u00f6chentliche Yogakurse<\/p>\n\n\n\n<p>Iyengar orientiertes Hatha Yoga &amp; Stilles Qi Gong <\/p>\n\n\n\n<p>Offene Yogastunden f\u00fcr Ge\u00fcbte und f\u00fcr Anf\u00e4nger<\/p>\n\n\n\n<p>Einstieg jederzeit m\u00f6glich<\/p>\n\n\n\n<p><strong>Info &amp; Anmeldung:<\/strong><\/p>\n\n\n\n<div class=\"wp-block-group\"><div class=\"wp-block-group__inner-container is-layout-flow wp-block-group-is-layout-flow\">\n<p>Tel. 06321 \u2013 31171<br>Mobil 0176-66542590<br>yoga@heldrich-bauer.de<br><\/p>\n<\/div><\/div>\n\n\n\n<figure class=\"wp-block-gallery columns-1 is-cropped wp-block-gallery-1 is-layout-flex wp-block-gallery-is-layout-flex\"><ul class=\"blocks-gallery-grid\"><li class=\"blocks-gallery-item\"><figure><img loading=\"lazy\" decoding=\"async\" width=\"635\" height=\"910\" src=\"http:\/\/heldrich-bauer.de\/wp-content\/uploads\/2021\/04\/zpp-zertifikat-bild-1.png\" alt=\"\" data-id=\"184\" data-full-url=\"http:\/\/heldrich-bauer.de\/wp-content\/uploads\/2021\/04\/zpp-zertifikat-bild-1.png\" data-link=\"http:\/\/heldrich-bauer.de\/?attachment_id=184#main\" class=\"wp-image-184\" srcset=\"https:\/\/heldrich-bauer.de\/wp-content\/uploads\/2021\/04\/zpp-zertifikat-bild-1.png 635w, https:\/\/heldrich-bauer.de\/wp-content\/uploads\/2021\/04\/zpp-zertifikat-bild-1-209x300.png 209w\" sizes=\"auto, (max-width: 635px) 100vw, 635px\" \/><\/figure><\/li><\/ul><\/figure>\n","protected":false},"excerpt":{"rendered":"<p>Aufgrund der aktuellen Covid-Lage finden im Moment nur Kurse montags 9.00 und 20.00 sowie dienstags 19.00 in kleinen Gruppen [&hellip;]<\/p>\n","protected":false},"author":1,"featured_media":0,"parent":0,"menu_order":0,"comment_status":"closed","ping_status":"closed","template":"","meta":{"footnotes":""},"class_list":["post-10","page","type-page","status-publish","hentry"],"yoast_head":"<!-- This site is optimized with the Yoast SEO plugin v27.5 - https:\/\/yoast.com\/product\/yoast-seo-wordpress\/ -->\n<title>Kurse - Der Yogaraum<\/title>\n<meta name=\"robots\" content=\"index, follow, max-snippet:-1, max-image-preview:large, max-video-preview:-1\" \/>\n<link rel=\"canonical\" href=\"http:\/\/heldrich-bauer.de\/?page_id=10\" \/>\n<meta property=\"og:locale\" content=\"de_DE\" \/>\n<meta property=\"og:type\" content=\"article\" \/>\n<meta property=\"og:title\" content=\"Kurse - Der Yogaraum\" \/>\n<meta property=\"og:description\" content=\"Aufgrund der aktuellen Covid-Lage finden im Moment nur Kurse montags 9.00 und 20.00 sowie dienstags 19.00 in kleinen Gruppen [&hellip;]\" \/>\n<meta property=\"og:url\" content=\"http:\/\/heldrich-bauer.de\/?page_id=10\" \/>\n<meta property=\"og:site_name\" content=\"Der Yogaraum\" \/>\n<meta property=\"article:modified_time\" content=\"2021-10-07T15:48:29+00:00\" \/>\n<meta property=\"og:image\" content=\"http:\/\/heldrich-bauer.de\/wp-content\/uploads\/2021\/04\/zpp-zertifikat-bild-1.png\" \/>\n<meta name=\"twitter:card\" content=\"summary_large_image\" \/>\n<meta name=\"twitter:label1\" content=\"Gesch\u00e4tzte Lesezeit\" \/>\n\t<meta name=\"twitter:data1\" content=\"1\u00a0Minute\" \/>\n<script type=\"application\/ld+json\" class=\"yoast-schema-graph\">{\"@context\":\"https:\\\/\\\/schema.org\",\"@graph\":[{\"@type\":\"WebPage\",\"@id\":\"http:\\\/\\\/heldrich-bauer.de\\\/?page_id=10\",\"url\":\"http:\\\/\\\/heldrich-bauer.de\\\/?page_id=10\",\"name\":\"Kurse - Der Yogaraum\",\"isPartOf\":{\"@id\":\"http:\\\/\\\/heldrich-bauer.de\\\/#website\"},\"primaryImageOfPage\":{\"@id\":\"http:\\\/\\\/heldrich-bauer.de\\\/?page_id=10#primaryimage\"},\"image\":{\"@id\":\"http:\\\/\\\/heldrich-bauer.de\\\/?page_id=10#primaryimage\"},\"thumbnailUrl\":\"http:\\\/\\\/heldrich-bauer.de\\\/wp-content\\\/uploads\\\/2021\\\/04\\\/zpp-zertifikat-bild-1.png\",\"datePublished\":\"2020-03-25T09:50:08+00:00\",\"dateModified\":\"2021-10-07T15:48:29+00:00\",\"breadcrumb\":{\"@id\":\"http:\\\/\\\/heldrich-bauer.de\\\/?page_id=10#breadcrumb\"},\"inLanguage\":\"de\",\"potentialAction\":[{\"@type\":\"ReadAction\",\"target\":[\"http:\\\/\\\/heldrich-bauer.de\\\/?page_id=10\"]}]},{\"@type\":\"ImageObject\",\"inLanguage\":\"de\",\"@id\":\"http:\\\/\\\/heldrich-bauer.de\\\/?page_id=10#primaryimage\",\"url\":\"https:\\\/\\\/heldrich-bauer.de\\\/wp-content\\\/uploads\\\/2021\\\/04\\\/zpp-zertifikat-bild-1.png\",\"contentUrl\":\"https:\\\/\\\/heldrich-bauer.de\\\/wp-content\\\/uploads\\\/2021\\\/04\\\/zpp-zertifikat-bild-1.png\",\"width\":635,\"height\":910},{\"@type\":\"BreadcrumbList\",\"@id\":\"http:\\\/\\\/heldrich-bauer.de\\\/?page_id=10#breadcrumb\",\"itemListElement\":[{\"@type\":\"ListItem\",\"position\":1,\"name\":\"Startseite\",\"item\":\"http:\\\/\\\/heldrich-bauer.de\\\/\"},{\"@type\":\"ListItem\",\"position\":2,\"name\":\"Kurse\"}]},{\"@type\":\"WebSite\",\"@id\":\"http:\\\/\\\/heldrich-bauer.de\\\/#website\",\"url\":\"http:\\\/\\\/heldrich-bauer.de\\\/\",\"name\":\"Der Yogaraum\",\"description\":\"Christa Heldrich-Bauer\",\"potentialAction\":[{\"@type\":\"SearchAction\",\"target\":{\"@type\":\"EntryPoint\",\"urlTemplate\":\"http:\\\/\\\/heldrich-bauer.de\\\/?s={search_term_string}\"},\"query-input\":{\"@type\":\"PropertyValueSpecification\",\"valueRequired\":true,\"valueName\":\"search_term_string\"}}],\"inLanguage\":\"de\"}]}<\/script>\n<!-- \/ Yoast SEO plugin. -->","yoast_head_json":{"title":"Kurse - Der Yogaraum","robots":{"index":"index","follow":"follow","max-snippet":"max-snippet:-1","max-image-preview":"max-image-preview:large","max-video-preview":"max-video-preview:-1"},"canonical":"http:\/\/heldrich-bauer.de\/?page_id=10","og_locale":"de_DE","og_type":"article","og_title":"Kurse - Der Yogaraum","og_description":"Aufgrund der aktuellen Covid-Lage finden im Moment nur Kurse montags 9.00 und 20.00 sowie dienstags 19.00 in kleinen Gruppen [&hellip;]","og_url":"http:\/\/heldrich-bauer.de\/?page_id=10","og_site_name":"Der Yogaraum","article_modified_time":"2021-10-07T15:48:29+00:00","og_image":[{"url":"http:\/\/heldrich-bauer.de\/wp-content\/uploads\/2021\/04\/zpp-zertifikat-bild-1.png","type":"","width":"","height":""}],"twitter_card":"summary_large_image","twitter_misc":{"Gesch\u00e4tzte Lesezeit":"1\u00a0Minute"},"schema":{"@context":"https:\/\/schema.org","@graph":[{"@type":"WebPage","@id":"http:\/\/heldrich-bauer.de\/?page_id=10","url":"http:\/\/heldrich-bauer.de\/?page_id=10","name":"Kurse - Der Yogaraum","isPartOf":{"@id":"http:\/\/heldrich-bauer.de\/#website"},"primaryImageOfPage":{"@id":"http:\/\/heldrich-bauer.de\/?page_id=10#primaryimage"},"image":{"@id":"http:\/\/heldrich-bauer.de\/?page_id=10#primaryimage"},"thumbnailUrl":"http:\/\/heldrich-bauer.de\/wp-content\/uploads\/2021\/04\/zpp-zertifikat-bild-1.png","datePublished":"2020-03-25T09:50:08+00:00","dateModified":"2021-10-07T15:48:29+00:00","breadcrumb":{"@id":"http:\/\/heldrich-bauer.de\/?page_id=10#breadcrumb"},"inLanguage":"de","potentialAction":[{"@type":"ReadAction","target":["http:\/\/heldrich-bauer.de\/?page_id=10"]}]},{"@type":"ImageObject","inLanguage":"de","@id":"http:\/\/heldrich-bauer.de\/?page_id=10#primaryimage","url":"https:\/\/heldrich-bauer.de\/wp-content\/uploads\/2021\/04\/zpp-zertifikat-bild-1.png","contentUrl":"https:\/\/heldrich-bauer.de\/wp-content\/uploads\/2021\/04\/zpp-zertifikat-bild-1.png","width":635,"height":910},{"@type":"BreadcrumbList","@id":"http:\/\/heldrich-bauer.de\/?page_id=10#breadcrumb","itemListElement":[{"@type":"ListItem","position":1,"name":"Startseite","item":"http:\/\/heldrich-bauer.de\/"},{"@type":"ListItem","position":2,"name":"Kurse"}]},{"@type":"WebSite","@id":"http:\/\/heldrich-bauer.de\/#website","url":"http:\/\/heldrich-bauer.de\/","name":"Der Yogaraum","description":"Christa Heldrich-Bauer","potentialAction":[{"@type":"SearchAction","target":{"@type":"EntryPoint","urlTemplate":"http:\/\/heldrich-bauer.de\/?s={search_term_string}"},"query-input":{"@type":"PropertyValueSpecification","valueRequired":true,"valueName":"search_term_string"}}],"inLanguage":"de"}]}},"_links":{"self":[{"href":"https:\/\/heldrich-bauer.de\/index.php?rest_route=\/wp\/v2\/pages\/10","targetHints":{"allow":["GET"]}}],"collection":[{"href":"https:\/\/heldrich-bauer.de\/index.php?rest_route=\/wp\/v2\/pages"}],"about":[{"href":"https:\/\/heldrich-bauer.de\/index.php?rest_route=\/wp\/v2\/types\/page"}],"author":[{"embeddable":true,"href":"https:\/\/heldrich-bauer.de\/index.php?rest_route=\/wp\/v2\/users\/1"}],"replies":[{"embeddable":true,"href":"https:\/\/heldrich-bauer.de\/index.php?rest_route=%2Fwp%2Fv2%2Fcomments&post=10"}],"version-history":[{"count":25,"href":"https:\/\/heldrich-bauer.de\/index.php?rest_route=\/wp\/v2\/pages\/10\/revisions"}],"predecessor-version":[{"id":295,"href":"https:\/\/heldrich-bauer.de\/index.php?rest_route=\/wp\/v2\/pages\/10\/revisions\/295"}],"wp:attachment":[{"href":"https:\/\/heldrich-bauer.de\/index.php?rest_route=%2Fwp%2Fv2%2Fmedia&parent=10"}],"curies":[{"name":"wp","href":"https:\/\/api.w.org\/{rel}","templated":true}]}}